when c(-1) is divided by (4/(-6))/(2/(-36)).
11
Let o(t) = -t**3 - 17*t**2 + 18*t + 10. What is the remainder when o(-18) is divided by 4?
2
Let s(k) = -k**2 + 26. Calculate the remainder when 50 is divided by s(0).
24
Let d = -21 + 24. Suppose -y = -2*y + 3. Suppose 0 = l - y*l - 4*a, 3*a + 10 = l. Calculate the remainder when l is divided by d.
1
Suppose 0 = 2*w - 0*w - 8. Calculate the remainder when 9 is divided by w.
1
Let i = -5 - -16. Suppose -2*m = 2*m - 272. Let b = -37 + m. What is the remainder when b is divided by i?
9
Suppose 3*w - 78 = 12. Suppose -u - 2*u = -w. What is the remainder when -38*((-9)/(-6) - 2) is divided by u?
9
Let j be 8*(-3)/12*-2. Suppose -d + j*d - 33 = 0. Calculate the remainder when 31 is divided by d.
9
Suppose 8*z + 4*z - 180 = 0. Calculate the remainder when 25 is divided by z.
10
Let p be ((-2)/5)/((-2)/10). Let k(o) = -3*o + 3*o**p + 2*o**2 - 1 + 1. Calculate the remainder when k(2) is divided by 8.
6
Suppose 52 = f + f. Calculate the remainder when f is divided by 8.
2
Let d = 63 + -42. What is the remainder when 82 is divided by d?
19
Suppose -g = -m + 6*m - 150, -5*g - 3*m = -838. Suppose q - g = -5*f, 5*q + 18 = -7. What is the remainder when f is divided by 12?
11
Let v = -4 + 3. Let p = v + 4. Suppose 22 = w + 3*r, -p*r + 8*r = -10. What is the remainder when w is divided by 15?
13
Calculate the remainder when (1 + (-292)/28)*-7 is divided by 14.
10
Suppose -2 = -4*q + 3*q. Let i(b) = 7*b + 3. What is the remainder when i(3) is divided by (-1)/(q - (-27)/(-13))?
11
Suppose -4 = 2*l - 124. Calculate the remainder when 42 is divided by 10/l + (-89)/(-6).
12
What is the remainder when 468/30 + 3/(-5) is divided by 9?
6
Let f(r) be the third derivative of -r**4/24 + 11*r**3/6 - 2*r**2. Let l be f(6). Suppose -l*v = -103 - 7. What is the remainder when v is divided by 8?
6
Suppose 0 = 9*d - 67 - 68. What is the remainder when 29 is divided by d?
14
Let p = 28 - 18. Suppose -3*m + 32 = -4. Suppose -6*s = -3*s - m. What is the remainder when p is divided by s?
2
Let z = 3 - 0. Suppose 6 + 3 = -z*p - u, -3*p - 4*u = 0. Let a = 7 + p. What is the remainder when a is divided by 2?
1
Let m = 5 + 19. What is the remainder when m is divided by 1/(-3) - (-40)/3?
11
Let n be 4/10 - (-6)/(-15). Suppose n = r - 2*r + 3. Suppose r*d - 5*j = 2*d + 9, -5*d + 105 = -5*j. Calculate the remainder when d is divided by 13.
11
What is the remainder when (-146)/(-10)*5/1 is divided by 19?
16
Let a = 22 + -1. Suppose 5*q = v + 35, 2*q = -0*q - v + a. What is the remainder when 22 is divided by q?
6
Suppose -2*q = x - 11, -5*q = 3*x + 5 - 31. Calculate the remainder when 26 is divided by q.
5
Suppose -8 = 3*n - 104. Let i(s) be the third derivative of s**5/60 + s**4/24 + 11*s**3/6 - 2*s**2. What is the remainder when n is divided by i(0)?
10
Suppose 0 = -0*y + y - 1. Let p(f) = f**2 + 3*f + 2. Calculate the remainder when p(-3) is divided by y.
0
Suppose -8 = -5*d - 23. Let j(l) be the second derivative of l**4/12 + l**3/3 + l**2/2 - 2*l. What is the remainder when 10 is divided by j(d)?
2
Suppose -h + 0*h = -40. Suppose 4*a - h = -0*a - 4*w, -5*w - 31 = -4*a. Let o = a - -11. What is the remainder when 59 is divided by o?
19
Let y(q) = -12*q + 81. Suppose 0 = -2*f - 4*w + 12, -4*w = 5*f - 5*w - 85. Calculate the remainder when f is divided by y(6).
7
Suppose -5*l = m - 25, l + 64 = 3*m + 5*l. Calculate the remainder when (3 + -9)*39/(-6) is divided by m.
19
Let j(v) = 8*v**2 + 2*v - 1. Let g be j(1). Let x = g + -4. What is the remainder when 9 is divided by x?
4
Suppose -5*x - 119 = -4*i, 2*i - 38 - 26 = 4*x. Suppose -3*q + z + z + i = 0, 31 = 4*q + z. What is the remainder when q is divided by -1 + -1*(1 + -7)?
3
Let v(x) = 0 - 4*x + 3*x + 55*x**2 - 1. Suppose -108 = -6*p + 6. Calculate the remainder when v(-1) is divided by p.
17
Let k(u) = u**2 - 3*u - 1. Calculate the remainder when k(6) is divided by 6.
5
Let q(u) = u**2 - 4*u + 3. Let h be q(4). Suppose 4*f = 12, 3*b - h*f = 56 + 43. What is the remainder when b is divided by 19?
17
Calculate the remainder when (-4)/(-6)*138/4 is divided by 13.
10
Calculate the remainder when 56 is divided by (-2)/12 - (-273)/18.
11
Let u(g) = g**3 - 4*g**2 + 9. Calculate the remainder when u(4) is divided by 5.
4
Let d = 6 + 4. Suppose 215 = 5*r + 5*g, 2*r + 0*r - g - 74 = 0. What is the remainder when r is divided by d?
9
Suppose 2*v + 2*h = 176, v + 2*h = 6*v - 426. What is the remainder when v is divided by 22?
20
Suppose 92 = 4*w + 4*c, -5*w + 2*w + 5*c + 37 = 0. What is the remainder when w is divided by ((-11)/2)/(1/(-2))?
8
Let v(u) = u**3 + 7*u**2 + u - 9. Calculate the remainder when v(-6) is divided by 12.
9
Let u = 12 - 6. Let k = u - -2. What is the remainder when 15 is divided by k/(-1 + 2/1)?
7
Let i = -2 - -6. Let g(h) be the third derivative of h**4/12 - h**3/6 + 5*h**2. What is the remainder when g(7) is divided by i?
1
Let i = 2 + 9. Suppose 21 + 0 = r. What is the remainder when r is divided by i?
10
Suppose 4*w - 5 = -l, 0*l - 5*l + w = -25. Let z(q) = 2*q - 3. Let i be z(5). What is the remainder when 2/i + (-178)/(-14) is divided by l?
3
Let o be 1/(((-3)/(-2))/3). Suppose -2*r + 58 = -o. What is the remainder when 87 is divided by r?
27
Let l(z) = 2*z**2 + 1. What is the remainder when 16 is divided by l(-2)?
7
Let z(f) = -12*f**3 + f - 1. Let w be z(1). Let a = w - -17. Calculate the remainder when a is divided by 4.
1
Let v be 145/(-11) + 2/11. Let t be 74/26 + (-2)/v. Suppose -2*p = -t - 95. Calculate the remainder when p is divided by 17.
15
Suppose -g + 2 = -0. Suppose 3*f + l = 184, 2*f - g*l = -4*l + 124. What is the remainder when f is divided by 16?
13
Suppose 2 = n, -5*y + 30 = -n - 28. What is the remainder when 21 is divided by y?
9
What is the remainder when 7 + (-31)/(-4) + (-3)/4 is divided by 11?
3
Suppose -q + 13 + 5 = -3*s, 5*q = 3*s + 18. Let z = s + 50. Suppose 3*c - 10 - z = 0. What is the remainder when 52 is divided by c?
16
Suppose -12 = 5*v + 33. Calculate the remainder when 2/v + 209/9 is divided by (-4)/8*1*-16.
7
Let d = 126 - 84. Let r = d - 28. What is the remainder when r is divided by 8?
6
Suppose 3*p - 6 = 5*p. Let n be (3 - 0)/(p/(-3)). Suppose 0 = -n*d + d + 14. Calculate the remainder when d is divided by 3.
1
Suppose -5*r - 6 = 9. Suppose 2*s + 58 = 3*s. What is the remainder when s is divided by 15*r/((-18)/8)?
18
Suppose -3*c + 4 = -5. Calculate the remainder when 4 is divided by c.
1
Let u(v) = 2*v**2 - 12*v + 19. Calculate the remainder when u(6) is divided by 7.
5
Let s(v) = -3*v + 5. What is the remainder when s(-10) is divided by 13?
9
Let u(c) = -c**2 - 18*c + 27. Let i be u(-19). Let k be (5/(-2))/((-1)/(-2)). Let t = k + i. Calculate the remainder when t is divided by 2.
1
Let y = -24 - -42. Suppose -x = 10 - y. Calculate the remainder when x is divided by 3.
2
Let r(w) = w**3 - w**2. Let z(d) = 3*d**3 - 9*d**2 + 3*d + 5. Let p(g) = 4*r(g) - z(g). What is the remainder when (2/6)/(1/57) is divided by p(-5)?
9
Let z = 189 + -113. Suppose -b = 3*b - z. Calculate the remainder when b is divided by (-4)/(-1)*10/4.
9
Suppose 0 = 3*p + 7*f - 5*f - 120, -f = -3*p + 120. Calculate the remainder when p is divided by 2/(-8) + 114/8.
12
Let a(r) = 3*r**2 + r. Let f be a(-1). Suppose -9 = -5*u + f*u. What is the remainder when 3 is divided by u?
0
Let d be 20/6 - (-6)/9. Suppose -5*x = 2*t - 44 - 16, d*x - 56 = -2*t. What is the remainder when t is divided by 11?
9
Suppose 2*u - 30 = -2*a, -a + 19 = -4*u - 1. What is the remainder when 47 is divided by (2 + 10/(-8))*a?
11
Suppose 5*c - 208 = -58. What is the remainder when 87 is divided by c?
27
Let x = -305 - -165. What is the remainder when 35 is divided by 2/(-1) - x/7?
17
Let f(z) = -2*z. Let q be 1/(3/48)*2. Suppose -q = -2*k + 2. What is the remainder when f(-16) is divided by k?
15
Let m(b) = b**2 - 6*b + 3. What is the remainder when 35 is divided by m(7)?
5
What is the remainder when (8 - 65)*4/(-6) is divided by 10?
8
Let w be (-3 - -8) + (-4)/(-2). Suppose 3*t = 2 + w. Suppose -3*j - 3*k = -6*j + 54, -44 = -t*j - 2*k. Calculate the remainder when 47 is divided by j.
15
Suppose 4*d - 110 = -2*a, 3*a + 3*d + 2*d = 168. Calculate the remainder when a is divided by